30?
True
Is 5818 a multiple of 64?
False
Is 6 a factor of 300?
True
Is 12 a factor of 19056?
True
Does 89 divide 2277?
False
Is 255 a multiple of 17?
True
Does 80 divide 1280?
True
Is 12 a factor of 4224?
True
Is 1671 a multiple of 12?
False
Is 64 a multiple of 16?
True
Is 16740 a multiple of 108?
True
Does 3 divide 189?
True
Does 85 divide 1429?
False
Does 6 divide 7008?
True
Is 3 a factor of 391?
False
Is 34 a factor of 986?
True
Is 9 a factor of 882?
True
Is 4 a factor of 63?
False
Is 52 a multiple of 16?
False
Is 5 a factor of 100?
True
Is 24 even?
True
Does 78 divide 5850?
True
Is 40 a factor of 21560?
True
Does 66 divide 44946?
True
Does 19 divide 11077?
True
Does 56 divide 8232?
True
Is 13 a factor of 1508?
True
Is 91391 a multiple of 9?
False
Is 98539 a multiple of 7?
True
Is 7 a factor of 1414?
True
Is 5 a factor of 190?
True
Is 4 a factor of 206?
False
Does 37 divide 1295?
True
Is 48 a factor of 1776?
True
Does 9 divide 27?
True
Is 25 a factor of 1512?
False
Is 4111 a multiple of 4?
False
Does 30 divide 11760?
True
Is 10367 a multiple of 68?
False
Is 11676 a multiple of 28?
True
Does 206 divide 53751?
False
Is 5252 a multiple of 142?
False
Is 11 a factor of 456?
False
Is 4760 a multiple of 17?
True
Is 51 a factor of 78387?
True
Is 1406 a multiple of 19?
True
Is 3 a factor of 536?
False
Does 97 divide 4019?
False
Does 15 divide 10005?
True
Is 1300 a multiple of 60?
False
Does 43 divide 46254?
False
Is 222 a multiple of 37?
True
Is 12282 a multiple of 32?
False
Is 130 a factor of 123691?
False
Does 18 divide 11556?
True
Is 888 a multiple of 13?
False
Does 3 divide 1190?
False
Is 389 a multiple of 31?
False
Is 219 a multiple of 45?
False
Is 10 a factor of 2611?
False
Is 4200 a multiple of 25?
True
Does 29 divide 1914?
True
Does 3 divide 180?
True
Is 13 a factor of 90090?
True
Is 102375 a multiple of 15?
True
Is 74520 a multiple of 135?
True
Does 3 divide 12?
True
Does 101 divide 50609?
False
Does 9 divide 12136?
False
Is 10 a factor of 14767?
False
Is 17118 a multiple of 54?
True
Is 930 a multiple of 14?
False
Is 11 a factor of 2057?
True
Is 592 a multiple of 37?
True
Does 66 divide 13926?
True
Is 112 a multiple of 2?
True
Is 17 a factor of 1224?
True
Is 89 a factor of 18310?
False
Is 20 a factor of 5129?
False
Is 13 a factor of 1950?
True
Is 10653 a multiple of 53?
True
Is 668 a multiple of 38?
False
Is 41617 a multiple of 20?
False
Does 14 divide 2184?
True
Does 22 divide 5216?
False
Is 19 a factor of 31400?
False
Is 3644 a multiple of 12?
False
Is 3 a factor of 3189?
True
Does 12 divide 88250?
False
Is 48 a factor of 65149?
False
Is 392 a multiple of 7?
True
Is 8310 a multiple of 64?
False
Is 1428 a multiple of 102?
True
Does 9 divide 160?
False
Is 58 a factor of 8409?
False
Is 63756 a multiple of 14?
True
Does 25 divide 10325?
True
Is 3203 a multiple of 16?
False
Is 273 a factor of 14084?
False
Is 255 a factor of 46330?
False
Is 45 a factor of 65138?
False
Is 1326 a multiple of 17?
True
Is 1088 a multiple of 64?
True
Is 31995 a multiple of 79?
True
Is 3 a factor of 201?
True
Is 68 a factor of 3709?
False
Does 358 divide 24141?
False
Is 48 a multiple of 8?
True
Does 68 divide 2062?
False
Is 4488 a multiple of 22?
True
Is 6 a factor of 1879?
False
Is 2091 a multiple of 46?
False
Is 415 even?
False
Is 8 a factor of 24?
True
Is 36 a factor of 884?
False
Is 137 a multiple of 2?
False
Is 313 a factor of 89871?
False
Is 1518 a multiple of 33?
True
Is 912 a multiple of 24?
True
Is 1807 a multiple of 13?
True
Is 4 a factor of 224?
True
Does 27 divide 1458?
True
Is 7 a factor of 896?
True
Is 8844 a multiple of 33?
True
Does 109 divide 26269?
True
Is 33 a factor of 2159?
False
Is 100 a multiple of 4?
True
Does 12 divide 6978?
False
Is 19195 a multiple of 55?
True
Does 29 divide 14094?
True
Does 17 divide 764?
False
Does 26 divide 1286?
False
Does 49 divide 1274?
True
Does 45 divide 1857?
False
Is 526 a multiple of 90?
False
Is 19 a factor of 19323?
True
Is 971 a multiple of 3?
False
Does 71 divide 301?
False
Is 71 a factor of 9017?
True
Is 37697 a multiple of 23?
True
Is 41 a factor of 2419?
True
Is 3336 a multiple of 17?
False
Is 9 a factor of 40?
False
Does 3 divide 8112?
True
Is 3 a factor of 5237?
False
Does 49 divide 98?
True
Does 19 divide 722?
True
Is 2232 a multiple of 9?
True
Does 7 divide 3087?
True
Is 1444 a multiple of 3?
False
Is 2352 a multiple of 98?
True
Is 45 a factor of 3261?
False
Is 352 a multiple of 8?
True
Does 7 divide 538?
False
Does 7 divide 109?
False
Is 25 a factor of 1774?
False
Does 6 divide 3808?
False
Is 4 a factor of 515?
False
Is 91 a factor of 189?
False
Is 621 a multiple of 27?
True
Is 7847 a multiple of 19?
True
Does 5 divide 43350?
True
Does 34 divide 442?
True
Is 10712 a multiple of 104?
True
Is 3424 a multiple of 16?
True
Is 13 a factor of 32872?
False
Does 46 divide 4186?
True
Is 53 even?
False
Is 1096 a multiple of 36?
False
Is 31 a factor of 967?
False
Is 18 a factor of 26100?
True
Is 128 a factor of 7388?
False
Does 6 divide 7163?
False
Is 10 a factor of 43788?
False
Does 19 divide 10607?
False
Does 30 divide 4710?
True
Does 238 divide 10796?
False
Is 93 a multiple of 22?
False
Is 3289 a multiple of 13?
True
Is 2 a factor of 227?
False
Is 9 a factor of 2459?
False
Is 6590 a multiple of 13?
False
Does 247 divide 51974?
False
Does 16 divide 96?
True
Is 851 a multiple of 34?
False
Does 202 divide 50158?
False
Is 20 a multiple of 7?
False
Does 20 divide 1940?
True
Is 25 a multiple of 25?
True
Does 176 divide 48330?
False
Is 3119 a multiple of 36?
False
Is 34 a factor of 21989?
False
Is 160 a multiple of 2?
True
Is 3 a factor of 1267?
False
Does 22 divide 40443?
False
Is 11 a multiple of 2?
False
Is 1440 a multiple of 144?
True
Is 36 a factor of 1173?
False
Does 11 divide 1155?
True
Does 181 divide 12805?
False
Does 122 divide 45384?
True
Is 10082 a multiple of 143?
False
Does 45 divide 360?
True
Is 2 a factor of 144?
True
Is 26 a factor of 2080?
True
Does 4 divide 331?
False
Does 4 divide 377?
False
Does 15 divide 12240?
True
Does 38 divide 11745?
False
Is 78 a factor of 34490?
False
Is 1155 a multiple of 6?
False
Does 16 divide 720?
True
Is 30 a factor of 1320?
True
Is 15 a factor of 120?
True
Is 19297 a multiple of 78?
False
Is 11 a factor of 37158?
True
Is 12834 a multiple of 23?
True
Does 158 divide 46400?
False
Does 254 divide 20066?
True
Does 62 divide 14757?
False
Is 73 a factor of 2005?
False
Does 15 divide 9780?
True
Is 4531 a multiple of 98?
False
Is 3871 a multiple of 7?
True
Is 3 a factor of 6?
True
Is 66 a factor of 2244?
True
Is 83 a factor of 2247?
False
Does 13 divide 40?
False
Is 1813 a multiple of 60?
False
Is 11 a factor of 367?
False
Does 21 divide 2583?
True
Does 5 divide 750?
True
Does 222 divide 7326?
True
Is 770 a multiple of 61?
False
Is 14 a factor of 82390?
True
Is 49 a multiple of 14?
False
Is 47136 a multiple of 114?
False
Does 130 divide 2483?
False
Is 3 a factor of 4226?
False
Is 9 a factor of 1134?
True
Is 153 a multiple of 3?
True
Is 10 a factor of 11470?
True
Does 2 divide 264?
True
Is 16 a factor of 976?
True
Does 23 divide 598?
True
Is 43 a factor of 129?
True
Does 56 divide 784?
True
Does 29 divide 22185?
True
Is 2498 a multiple of 81?
False
Does 9 divide 603?
True
Is 12402 a multiple of 18?
True
Is 7 a factor of 9425?
False
Is 5 a factor of 467?
False
Is 51842 a multiple of 35?
False
Does 18 divide 453?
False
Is 11743 a multiple of 26?
False
Does 61 divide 18173?
False
Is 11368 a multiple of 28?
True
Is 13 a factor of 1807?
True
Is 264 a multiple of 6?
True
Is 15 a factor of 358?
False
Does 158 divide 4391?
False
Is 114 a factor of 2967?
False
Does 52 divide 832?
True
Is 80 a multiple of 4?
True
Is 8 a factor of 160?
True
Is 373 a multiple of 3?
False
Is 9659 a multiple of 18?
False
Is 3762 a multiple of 38?
True
Is 73169 a multiple of 25?
False
Is 542 a multiple of 14?
False
Does 70 divide 3710?
True
Is 4512 a multiple of 24?
True
Is 9 a factor of 3996?
True
Is 1652 a multiple of 14?
True
Is 116 a multiple of 4?
True
Is 18 a factor of 2791?
False
Does 27 divide 4346?
False
Is 98 a factor of 3190?
False
Does 22 divide 3278?
True
Does 57 divide 33117?
True
Is 18 a factor of 13552?
False
Is 8 a factor of 93?
False
Is 1912 a multiple of 13?
False
Is 14 a multiple of